 45?
True
Is 20495 a multiple of 22?
False
Is 160 even?
True
Is 1050 a multiple of 38?
False
Is 48 a factor of 51166?
False
Does 13 divide 2002?
True
Is 23869 a multiple of 116?
False
Is 16 a factor of 2584?
False
Is 37 a factor of 555?
True
Is 15 a factor of 329?
False
Is 2022 a multiple of 2?
True
Does 12 divide 1080?
True
Is 6 a factor of 2604?
True
Does 34 divide 30456?
False
Does 7 divide 12078?
False
Is 116 a factor of 914?
False
Is 5362 a multiple of 7?
True
Does 84 divide 43007?
False
Is 11168 a multiple of 8?
True
Is 12 a factor of 872?
False
Is 712 a multiple of 89?
True
Does 73 divide 4307?
True
Does 2 divide 1821?
False
Is 690 a multiple of 5?
True
Is 38 a factor of 1478?
False
Does 11 divide 58949?
True
Is 14299 a multiple of 79?
True
Is 7541 even?
False
Is 168 a factor of 41832?
True
Is 32235 a multiple of 5?
True
Is 9 a factor of 71550?
True
Does 151 divide 40633?
False
Does 68 divide 1582?
False
Does 13 divide 135?
False
Is 249 a factor of 105036?
False
Is 110 a factor of 3960?
True
Is 18 a factor of 3726?
True
Is 800 a multiple of 40?
True
Is 102 a multiple of 3?
True
Does 41 divide 1435?
True
Does 31 divide 6479?
True
Does 185 divide 4018?
False
Does 13 divide 35472?
False
Is 475 a multiple of 27?
False
Is 920 a multiple of 10?
True
Is 119 a factor of 1676?
False
Does 11 divide 3784?
True
Does 55 divide 7428?
False
Does 5 divide 5615?
True
Is 59420 a multiple of 40?
False
Is 1175 a multiple of 47?
True
Is 4 a factor of 691?
False
Is 5 a factor of 43?
False
Does 79 divide 34675?
False
Is 35 a factor of 17491?
False
Is 3 a factor of 534?
True
Is 11 a factor of 671?
True
Is 14812 a multiple of 28?
True
Is 19 a factor of 120669?
True
Is 19 a factor of 2223?
True
Does 147 divide 44500?
False
Does 11 divide 6666?
True
Is 5975 a multiple of 2?
False
Is 213 a multiple of 18?
False
Is 25754 a multiple of 3?
False
Does 17 divide 68?
True
Is 760 a multiple of 40?
True
Does 78 divide 7208?
False
Does 6 divide 20290?
False
Is 81 a multiple of 9?
True
Is 40453 a multiple of 115?
False
Is 190 a multiple of 19?
True
Is 57 a factor of 63507?
False
Is 47 a factor of 5687?
True
Does 166 divide 5247?
False
Is 2310 a multiple of 58?
False
Is 280 a multiple of 19?
False
Does 42 divide 504?
True
Does 12 divide 6768?
True
Is 167 a multiple of 2?
False
Is 3529 a multiple of 136?
False
Does 31 divide 248?
True
Is 1386 a multiple of 42?
True
Is 1601 a multiple of 9?
False
Is 800 a multiple of 40?
True
Does 7 divide 610?
False
Is 152 a factor of 3377?
False
Is 23 a factor of 1058?
True
Does 5 divide 1550?
True
Is 7760 a multiple of 67?
False
Is 42 a factor of 546?
True
Is 10410 a multiple of 15?
True
Is 2279 a multiple of 41?
False
Is 10896 a multiple of 16?
True
Is 90 a multiple of 45?
True
Is 6152 a multiple of 50?
False
Is 161 a factor of 17180?
False
Does 35 divide 11892?
False
Does 136 divide 6048?
False
Is 11008 a multiple of 50?
False
Does 39 divide 803?
False
Is 156 a factor of 3120?
True
Is 3013 a multiple of 131?
True
Is 2147 a multiple of 19?
True
Is 64821 a multiple of 123?
True
Is 187 a factor of 9587?
False
Does 108 divide 2783?
False
Does 33 divide 7029?
True
Is 563 a multiple of 68?
False
Is 20725 a multiple of 50?
False
Does 37 divide 153?
False
Does 80 divide 320?
True
Is 5 a factor of 18994?
False
Is 25 a factor of 3150?
True
Does 8 divide 15584?
True
Is 10 a factor of 16840?
True
Does 19 divide 486?
False
Is 259 a multiple of 24?
False
Is 23 a factor of 828?
True
Is 76 a factor of 19000?
True
Does 19 divide 1918?
False
Is 4 a factor of 2693?
False
Does 39 divide 3783?
True
Does 25 divide 4350?
True
Does 29 divide 11774?
True
Is 2940 a multiple of 20?
True
Does 25 divide 6560?
False
Does 143 divide 8866?
True
Is 1960 a multiple of 34?
False
Is 10682 a multiple of 14?
True
Does 118 divide 2625?
False
Does 8 divide 928?
True
Is 13 a factor of 45351?
False
Is 24 a factor of 1257?
False
Does 29 divide 58?
True
Is 80 a factor of 44800?
True
Is 329 a multiple of 7?
True
Does 149 divide 7599?
True
Is 13 a factor of 5928?
True
Does 149 divide 21307?
True
Is 28 a factor of 1642?
False
Is 18128 a multiple of 16?
True
Is 20 a factor of 620?
True
Is 15 a factor of 3165?
True
Is 10 a factor of 170?
True
Is 610 a multiple of 57?
False
Is 3414 a multiple of 91?
False
Is 15 a factor of 702?
False
Is 38546 a multiple of 9?
False
Is 245 a multiple of 5?
True
Is 142 a multiple of 14?
False
Does 17 divide 4222?
False
Does 12 divide 2508?
True
Is 125 a factor of 5429?
False
Is 40 a factor of 120?
True
Does 50 divide 1692?
False
Is 15 a factor of 1727?
False
Is 136 a factor of 1113?
False
Is 683 a multiple of 5?
False
Is 12 a factor of 7160?
False
Is 6 a factor of 339?
False
Does 7 divide 10231?
False
Is 58 a factor of 35679?
False
Is 114 a multiple of 28?
False
Is 50 a factor of 1401?
False
Is 7 a factor of 592?
False
Does 9 divide 2329?
False
Does 12 divide 46000?
False
Is 30 a factor of 120?
True
Does 152 divide 30106?
False
Does 12 divide 1104?
True
Does 15 divide 120?
True
Is 1075 a multiple of 25?
True
Does 54 divide 2413?
False
Is 1391 a multiple of 43?
False
Is 120 a multiple of 10?
True
Does 11 divide 319?
True
Does 52 divide 832?
True
Is 1558 a multiple of 31?
False
Is 4 a factor of 32?
True
Is 62 a factor of 6262?
True
Is 31760 a multiple of 20?
True
Is 13 a factor of 1346?
False
Is 8 a factor of 4713?
False
Is 10349 a multiple of 52?
False
Is 1064 a multiple of 5?
False
Does 10 divide 29349?
False
Is 27 a factor of 30166?
False
Is 28 a factor of 656?
False
Is 14117 a multiple of 139?
False
Is 15 a factor of 694?
False
Does 9 divide 5688?
True
Is 2 a factor of 992?
True
Does 15 divide 3030?
True
Is 55 a factor of 1353?
False
Does 69 divide 1738?
False
Is 9 a factor of 6805?
False
Is 62122 a multiple of 20?
False
Is 48 a multiple of 16?
True
Is 8020 a multiple of 17?
False
Is 41 a factor of 28741?
True
Is 35925 a multiple of 25?
True
Is 1606 a multiple of 8?
False
Does 3 divide 267?
True
Does 2 divide 2173?
False
Is 14 a factor of 3638?
False
Is 1496 a multiple of 39?
False
Does 205 divide 22755?
True
Is 250 a multiple of 10?
True
Is 4248 a multiple of 119?
False
Is 31 a factor of 47492?
True
Does 22 divide 372?
False
Is 29 a factor of 5643?
False
Is 4 a factor of 11260?
True
Is 20 a factor of 4831?
False
Is 431 a multiple of 88?
False
Is 131 a factor of 2882?
True
Does 91 divide 132473?
False
Does 7 divide 181?
False
Is 31 a factor of 26613?
False
Is 12584 a multiple of 17?
False
Is 54 a factor of 2430?
True
Is 41 a factor of 123?
True
Is 7 a factor of 7708?
False
Is 518 a multiple of 37?
True
Does 22 divide 1575?
False
Is 47 a factor of 846?
True
Is 2 a factor of 1231?
False
Is 32 a factor of 448?
True
Does 146 divide 95328?
False
Is 104 a factor of 6134?
False
Is 10944 a multiple of 48?
True
Does 12 divide 8725?
False
Does 89 divide 890?
True
Is 536 a multiple of 134?
True
Is 1026 a multiple of 38?
True
Is 76 a multiple of 23?
False
Is 23 a factor of 1288?
True
Is 2 a factor of 129?
False
Does 8 divide 3512?
True
Is 7650 a multiple of 34?
True
Does 12 divide 2436?
True
Is 10 a factor of 1903?
False
Is 22 a factor of 6760?
False
Is 587 a multiple of 9?
False
Is 38 a factor of 1748?
True
Is 9 a factor of 3897?
True
Is 4 a factor of 39?
False
Does 5 divide 10915?
True
Is 50 a factor of 850?
True
Does 9 divide 6401?
False
Is 14 a factor of 5009?
False
Is 34 a factor of 204?
True
Does 72 divide 7632?
True
Is 645 a multiple of 43?
True
Does 7 divide 7490?
True
Does 19 divide 29264?
False
Does 3 divide 2115?
True
Does 34 divide 52?
False
Does 11 divide 14126?
False
Is 14 a factor of 3346?
True
Is 1780 a multiple of 10?
True
Is 2 a factor of 740?
True
Is 18 a factor of 19525?
False
Does 69 divide 1242?
True
Is 1432 a multiple of 6?
False
Does 8 divide 5016?
True
Is 4 a factor of 1104?
True
Does 5 divide 2496?
False
Does 171 divide 21255?
False
Is 19 a factor of 5992?
False
Does 45 divide 737?
False
Is 2743 a multiple of 13?
True
Does 168 divide 19020?
False
Is 10830 a multiple of 17?
False
Is 13974 a multiple of 102?
True
Does 23 divide 29952?
False
Does 32 divide 21717?
False
Does 82 divide 5576?
True
Does 31 divide 124?
True
Does 5 divide 133?
False
Is 5 a factor of 477?
False
Does 17 divide 33738?
False
Is 36 a factor of 1152?
True
Is 30702 a 